{"id":32352,"date":"2024-08-20T15:45:16","date_gmt":"2024-08-20T18:45:16","guid":{"rendered":"https:\/\/enotas.com.br\/blog\/?page_id=32352"},"modified":"2024-08-21T17:16:34","modified_gmt":"2024-08-21T20:16:34","slug":"quiz-maturidade-gestao-negocio","status":"publish","type":"page","link":"https:\/\/enotas.com.br\/blog\/quiz-maturidade-gestao-negocio\/","title":{"rendered":"Quiz &#8211; Voc\u00ea sabe qual \u00e9 o n\u00edvel de maturidade do seu neg\u00f3cio?"},"content":{"rendered":"","protected":false},"excerpt":{"rendered":"","protected":false},"author":28,"featured_media":0,"parent":0,"menu_order":0,"comment_status":"closed","ping_status":"closed","template":"historias-de-sucesso.php","meta":{"footnotes":""},"class_list":["post-32352","page","type-page","status-publish","hentry"],"_links":{"self":[{"href":"https:\/\/enotas.com.br\/blog\/wp-json\/wp\/v2\/pages\/32352","targetHints":{"allow":["GET"]}}],"collection":[{"href":"https:\/\/enotas.com.br\/blog\/wp-json\/wp\/v2\/pages"}],"about":[{"href":"https:\/\/enotas.com.br\/blog\/wp-json\/wp\/v2\/types\/page"}],"author":[{"embeddable":true,"href":"https:\/\/enotas.com.br\/blog\/wp-json\/wp\/v2\/users\/28"}],"replies":[{"embeddable":true,"href":"https:\/\/enotas.com.br\/blog\/wp-json\/wp\/v2\/comments?post=32352"}],"version-history":[{"count":8,"href":"https:\/\/enotas.com.br\/blog\/wp-json\/wp\/v2\/pages\/32352\/revisions"}],"predecessor-version":[{"id":32411,"href":"https:\/\/enotas.com.br\/blog\/wp-json\/wp\/v2\/pages\/32352\/revisions\/32411"}],"wp:attachment":[{"href":"https:\/\/enotas.com.br\/blog\/wp-json\/wp\/v2\/media?parent=32352"}],"curies":[{"name":"wp","href":"https:\/\/api.w.org\/{rel}","templated":true}]}}